 divided by 2/(-8) + (-138)/(-8).
15
Suppose 473 = 4*y - 95. What is the remainder when y is divided by 16?
14
Calculate the remainder when (-4)/(-10) - (-506)/10 is divided by (-2)/(-4) - (2 + (-58)/4).
12
Calculate the remainder when 59 is divided by (4/(-5))/((-6)/105) + 1.
14
Suppose 4*y = 3*y. Suppose y*v + v - 17 = 0. What is the remainder when v is divided by 6?
5
Suppose d - 3*g = 2*g + 24, 0 = -3*d + 4*g + 105. Suppose -40 = 2*a - 6*a. Calculate the remainder when d is divided by a.
9
Let t(g) = 3*g**2 + 4*g + 2. Suppose -2*j + 6 = -8. Calculate the remainder when t(-3) is divided by j.
3
Suppose -q + 4 = -3. What is the remainder when 11 is divided by q?
4
What is the remainder when ((-4)/(-10))/((-6)/8610*-7) is divided by 24?
10
Suppose r - 3*v = 12, -2*r - 6*v + 4*v + 16 = 0. Suppose -3 = -7*i + 4*i, 4*z + 4*i - 72 = 0. What is the remainder when z is divided by r?
8
Let p = 9 - 9. Suppose -5*k + 35 - 10 = p. What is the remainder when k is divided by 2?
1
Suppose -5*r + 98 = -2*u - 2*u, -5*u = -4*r + 73. What is the remainder when 109 is divided by r?
21
Let g(p) = p**3 + 11*p**2 - 12*p + 14. What is the remainder when (-2)/(-1) + 38/1 is divided by g(-12)?
12
Suppose -4*a + s = -13, 4*a - 4 = -5*s + 3. Calculate the remainder when 13 is divided by a.
1
Suppose 2*a = -0*a - 10. Let t(p) be the second derivative of -p**4/12 - 7*p**3/6 - 5*p**2/2 - 10*p. What is the remainder when 8 is divided by t(a)?
3
Let v = -6 + 12. What is the remainder when 16 is divided by v?
4
Suppose -50 = -4*l + 5*b, -l - 3*b + 6 - 2 = 0. Suppose j = 4*j + 21. Let y = j + l. What is the remainder when 5 is divided by y?
2
Calculate the remainder when 134 is divided by (-27)/3*(-9)/(5 - 2).
26
Let z(b) = -13*b. Calculate the remainder when -2 + (-3)/(-3 - 0) - -38 is divided by z(-1).
11
Suppose 16 = -4*t, 4*t - 51 + 1 = -2*y. Calculate the remainder when y is divided by (-8)/(-12)*-6 + 13.
6
Suppose 2*p = 59 + 45. What is the remainder when 152 is divided by p?
48
Let p = -9 + 15. Suppose -p*b + 48 = -3*b. Calculate the remainder when 47 is divided by b.
15
Let m = -15 - -21. Let v(s) = s**2 + 14*s + 58. Calculate the remainder when v(-6) is divided by m.
4
Suppose -5*d = -763 + 153. Calculate the remainder when d is divided by 14.
10
Let r = -3 - -20. Let j(x) = -3*x**3 + x**2 + 3*x + 3. Let a be j(-2). Let k = a - 15. What is the remainder when r is divided by k?
7
Suppose -2*o - 5*a + 0 = 1, -5*o - 2*a + 29 = 0. Calculate the remainder when o is divided by (32/40)/((-2)/(-10)).
3
Let a be (-2)/(((-21)/(-6))/(-7)). Suppose -2*g - 4 = -a*g. What is the remainder when 5 is divided by g?
1
Suppose 4 = -p + 2. Calculate the remainder when 38 is divided by (p - -15)*3/3.
12
Let p(z) = -z**3 - z**2. Let s be p(0). Suppose s = b - 4*b + 120. Let k(u) = u**2 - 2*u - 1. What is the remainder when b is divided by k(-3)?
12
Let h = -2 - -2. Suppose -g + h*g = -66. Suppose q + 2*q = g. What is the remainder when q is divided by 12?
10
Suppose 0 = -t - 3*t + 52. Let s be -1*2/(2/(-5)). Calculate the remainder when t is divided by s*2/(-2 - -4).
3
Let a(r) = r**3 + 8*r**2 + 7*r + 3. Let p(t) = t**3 - 2*t - 3. Let x be p(-2). Let v be a(x). Let w = v - -4. What is the remainder when 20 is divided by w?
6
Let v(n) = 24*n - 5. What is the remainder when 128 is divided by v(2)?
42
Suppose 0 = -6*l + l + 55. Let m(p) = -2*p - 4. Let r be m(-3). Suppose -q = -3*n + 96, q = -r*n - 2*q + 64. Calculate the remainder when n is divided by l.
10
Calculate the remainder when (-2)/7 - 176/(-28) is divided by (-2 - -4 - 1) + 1.
0
Let u(g) = -g**3 - 8*g**2 + g + 10. Let w be u(-8). Suppose 3 = w*s - 21. Calculate the remainder when 34 is divided by s.
10
Suppose -2*k - 9 + 21 = -b, 0 = -3*b - 2*k + 4. Let l be -2 + 27 - b/2. Suppose 2*j = -2*m + 70, l = j + 5*m - m. What is the remainder when j is divided by 13?
12
Suppose -2*i + 17 = -9. Suppose 2*k - 4 + 90 = 2*p, p + 5*k = i. Suppose -2*v = -5*h + 42, -4*h - v + 60 = 4*v. Calculate the remainder when p is divided by h.
8
Let b(p) = 0*p + 6 + p + 9 - 2*p. What is the remainder when 44 is divided by b(0)?
14
Suppose -8*n + 9*n = 27. What is the remainder when n is divided by (-1)/(-4) + 110/8?
13
Suppose -4*n + 86 - 26 = 0. What is the remainder when 524/9 + (-2)/9 is divided by n?
13
Suppose f - 19 = 5*f + u, -3*u = 5*f + 29. Let a be f*((-3)/(-4))/(-3). Let m(b) = 5*b**3 + b**2 + b - 1. Calculate the remainder when 22 is divided by m(a).
4
Suppose -2*k + 10 + 8 = 0. Calculate the remainder when 26 is divided by k.
8
Let a(z) = -6*z - 19. What is the remainder when 32 is divided by a(-6)?
15
Let f = -5 + 1. What is the remainder when (43/2)/(f/(-8)) is divided by 15?
13
What is the remainder when 275 is divided by (-84)/35*(-7 - (-4 - -2))?
11
What is the remainder when 30 is divided by 645/40 - 2/16?
14
Suppose 0 = -3*c + 2*c - 5*r, -36 = -2*c + 2*r. Calculate the remainder when c is divided by 4.
3
Let z = -39 - -55. Calculate the remainder when z is divided by 5.
1
Let h(c) = 3*c - 15. Calculate the remainder when 27 is divided by h(10).
12
Suppose -3*m + 65 = 2*m. Suppose -g - 3 = 3. What is the remainder when m is divided by 21*(g/2)/(-9)?
6
Suppose 0*q = -4*s + 5*q + 425, 2*q + 104 = s. What is the remainder when s is divided by 28?
26
Suppose 2*t = 8*t - 30. Let s(v) = 3*v - 2*v + 1 + 1. What is the remainder when t is divided by s(0)?
1
Suppose -3*q + 0*q = l - 11, -5*l + 45 = 5*q. What is the remainder when 52 is divided by l?
4
Let v = 60 + -32. Calculate the remainder when 110 is divided by v.
26
Calculate the remainder when 7 is divided by (0 - -3)/(6 - 5).
1
Let l(x) = -x**2 - 17*x - 30. Calculate the remainder when 116 is divided by l(-12).
26
Let p = 10 - -8. Suppose 3 = 3*x - p. Calculate the remainder when x is divided by 5.
2
Let i(g) = 3*g - 78. What is the remainder when 88 is divided by i(31)?
13
Suppose -x + 12 = -2*h, 16 = 3*x + h + 3*h. Let j be -3 + (-4 + 2 - -4). Let i = 16 + j. What is the remainder when i is divided by x?
7
Suppose 0*j = 5*j + 50. Let o = -8 - j. Suppose 0*t = 2*q + 5*t - 5, 0 = 2*q + 2*t - 8. Calculate the remainder when q is divided by o.
1
Suppose -2*k = -34 + 18. What is the remainder when 23 is divided by k?
7
Suppose -3*c + 2 = -1, -3*l = -c + 13. Let z be l/(-2) + -4 + 2. Calculate the remainder when 26 is divided by 13 - (1 - z)*-1.
12
Suppose 4*s - 12 = s. Suppose s + 4 = 4*m. Suppose -2*p + 76 = m*u, 5*p - 70 = -u - u. Calculate the remainder when u is divided by 14.
12
Suppose -z + 33 = 2*s, 4*z + 55 = 2*s + s. Suppose -189 = 5*b - 69. What is the remainder when s is divided by -3 + 0 + b/(-2)?
8
Let x = 78 - -41. What is the remainder when x is divided by 32?
23
Let f be 1/(1 - (-63)/(-66)). Let x = f + 30. Calculate the remainder when x is divided by 27.
25
Let b = 2 - 17. Calculate the remainder when ((-2)/2 + b)/(-1) is divided by 9.
7
Let l(x) = x**3 + 6*x**2 + 3*x - 7. Let o be l(-5). Let d = 7 + o. Calculate the remainder when -1 + 2 - -2*9 is divided by d.
9
Suppose 45 = h - 3*o, -2 + 3 = o. Calculate the remainder when h is divided by 19.
10
Suppose 7*n = 2*n - 4*f + 241, -3*n + 155 = 5*f. What is the remainder when 267 is divided by n?
42
Suppose -5*q - 3*b = -302, 2*b + 124 = -2*q + 4*q. What is the remainder when q is divided by 16?
13
Let z be (-8)/4 - (-3 + -1). Let j(r) = 13*r - 3. Calculate the remainder when j(z) is divided by 13.
10
Suppose 3*p + 2*s - 93 = 5*s, 95 = 3*p - 4*s. Calculate the remainder when 110 is divided by p.
23
Suppose -3*j + 4*j = 2*f + 17, 4*j + 5*f - 107 = 0. Calculate the remainder when (-43)/(0 + -1 + 0) is divided by j.
20
Let v(n) = -8*n**3 + n + 1. Let b be (2 + (-3)/2)*-2. What is the remainder when 21 is divided by v(b)?
5
Suppose -4*k + 2*k + 44 = 0. Suppose 3*a - 3*z = 45, 2*a - k = -z + 5*z. Calculate the remainder when 56 is divided by a.
18
Let d = 48 - -87. Suppose 2*l = 5*z + 90, l - 4*l + d = -5*z. What is the remainder when l is divided by 16?
13
Suppose 24 = -6*h + 7*h. Calculate the remainder when h is divided by 7.
3
Suppose 0 = 4*g - j - 209, -4*g - 6*j + 189 = -3*j. Suppose 67 + 14 = 3*k. Calculate the remainder when g is divided by k.
24
Let p = -74 + 143. What is the remainder when p is divided by 24?
21
Let